{"id":746,"date":"2017-09-13T17:37:11","date_gmt":"2017-09-13T15:37:11","guid":{"rendered":"http:\/\/www.hotel-vodisek.com\/web\/?page_id=746"},"modified":"2024-10-11T14:12:23","modified_gmt":"2024-10-11T13:12:23","slug":"sl-faqs","status":"publish","type":"page","link":"https:\/\/www.hotel-vodisek.com\/web\/sl-faqs\/","title":{"rendered":"FAQs"},"content":{"rendered":"\n\n\n<section   class=\"  reg_section  \" >\n\n\n    <div class=\"container \">\n\t\t\n\t\t\n\t\t\t\t\n\t\t<!-- Content -->\n\t\t<div class=\"fw-row\">\n\t\n\n\n\n<div class=\"fw-col-xs-12\">\n\t<div class=\"text_block\">\n\n<h2>FAQ - Pogosta vpra\u0161anja<\/h2>\n\n<h3>\u010ce ste nastanjeni v depandansiVodi\u0161ek, ali razmi\u0161ljate o bivanju z nami, potem si vzemite minuto, da se glasi na\u0161a Pravila in pogoje. Ti obstajajo, da je Depandansa Vodi\u0161ek varen, sre\u010den in prijeten kraj za bivanje.<\/h3>\n\n\n\n\n<p><strong>Najdite odgovor na va\u0161a vpra\u0161anja<\/strong><\/p><p>Spodaj podajamo odgovore na pogosta vpra\u0161anja na\u0161ih cenjenih gostov.<\/p><h3>Kak\u0161na so pravila za hi\u0161ne ljubljen\u010dke?<\/h3><p>Dodatno pla\u010dilo za hi\u0161nega ljubljen\u010dka zna\u0161a 5.00 \u20ac na doma\u010dega ljubljen\u010dka na no\u010d.<\/p><h3>Ali imate posebej prilagojene prostore?<\/h3><p>Da, imamo.<\/p><h3>Ob katerih urah je zajtrk? Kak\u0161na je cena zajtrka?<\/h3><p>Zajtrk je na voljo vsak dan od 6:00 do 11:00 ure. Cena zajtrka je vklju\u010dena v ceno sobe.<\/p><h3>Imate sobe za kajenje?<\/h3><p>Sobe za kadilce, kjer je dovoljeno kajenje imamo.<\/p><h3>Je va\u0161 Wifi brezpla\u010den?<\/h3><p>Brezpla\u010den brez\u017ei\u010dni internet je na voljo v vseh prostorih Depandanse Vodi\u0161ek.<\/p><h3>Ali je v sobi mo\u017eno dodatno le\u017ei\u0161\u010de?<\/h3><p>V sobi lahko pripravimo dodatno le\u017ei\u0161\u010de za tretjo osebo. Cena dodatnega le\u017ei\u0161\u010da je odvisna glede na starost osebe. Za otroke mlaj\u0161e od 6 let, dodatno le\u017ei\u0161\u010de pripravimo brezpla\u010dno.<\/p><h3>Ali mi lahko depandansa pomaga pri pro\u0161nji za vizum?<\/h3><p>Depandansa nudi pomo\u010d pri prijavi vize posameznika. Gostu pripravimo potrditev rezervacije ter uradno \u0161tampijko depandanse s podpisom. Za morebitne dodatne informacije s strani depandanse glede vize, mora gost kontaktirati depandanso.<\/p><h3>Ali imate na voljo parkiri\u0161\u010de in koliko stane?<\/h3><p>Da, na\u0161im gostom nudimo brezpla\u010dno parkiranje.<\/p><\/div><\/div>\n<\/div>\n\n\n    <\/div>\n<\/section>\n\n\n","protected":false},"excerpt":{"rendered":"<p>FAQ &#8211; Pogosta vpra\u0161anja \u010ce ste nastanjeni v depandansiVodi\u0161ek, ali razmi\u0161ljate o bivanju z nami, potem si vzemite minuto, da [&hellip;]<\/p>\n","protected":false},"author":1,"featured_media":0,"parent":0,"menu_order":9,"comment_status":"closed","ping_status":"closed","template":"template-onepage.php","meta":[],"_links":{"self":[{"href":"https:\/\/www.hotel-vodisek.com\/web\/wp-json\/wp\/v2\/pages\/746"}],"collection":[{"href":"https:\/\/www.hotel-vodisek.com\/web\/wp-json\/wp\/v2\/pages"}],"about":[{"href":"https:\/\/www.hotel-vodisek.com\/web\/wp-json\/wp\/v2\/types\/page"}],"author":[{"embeddable":true,"href":"https:\/\/www.hotel-vodisek.com\/web\/wp-json\/wp\/v2\/users\/1"}],"replies":[{"embeddable":true,"href":"https:\/\/www.hotel-vodisek.com\/web\/wp-json\/wp\/v2\/comments?post=746"}],"version-history":[{"count":6,"href":"https:\/\/www.hotel-vodisek.com\/web\/wp-json\/wp\/v2\/pages\/746\/revisions"}],"predecessor-version":[{"id":2746,"href":"https:\/\/www.hotel-vodisek.com\/web\/wp-json\/wp\/v2\/pages\/746\/revisions\/2746"}],"wp:attachment":[{"href":"https:\/\/www.hotel-vodisek.com\/web\/wp-json\/wp\/v2\/media?parent=746"}],"curies":[{"name":"wp","href":"https:\/\/api.w.org\/{rel}","templated":true}]}}