{"id":792,"date":"2017-09-14T08:40:14","date_gmt":"2017-09-14T06:40:14","guid":{"rendered":"http:\/\/www.hotel-vodisek.com\/web\/?page_id=792"},"modified":"2024-10-14T07:01:58","modified_gmt":"2024-10-14T06:01:58","slug":"termini-condizioni","status":"publish","type":"page","link":"https:\/\/www.hotel-vodisek.com\/web\/it\/termini-condizioni\/","title":{"rendered":"Termini e Condizioni"},"content":{"rendered":"\n\n\n<section   class=\"  reg_section  \" >\n\n\n    <div class=\"container \">\n\t\t\n\t\t\n\t\t\t\t\n\t\t<!-- Content -->\n\t\t<div class=\"fw-row\">\n\t\n\n\n\n<div class=\"fw-col-xs-12\">\n\t<div class=\"text_block\">\n\n<h2>Termini e Condizioni<\/h2>\n\n\n\n\n\n<h3>Prenotazione<\/h3><p>Questo accordo sui Termini e Condizioni Generali di Alloggio comincia a ottenere l'autorit\u00e0 quando riceviamo una prenotazione obbligatoria per il tuo arrivo.<br \/>La prenotazione pu\u00f2 essere effettuata tramite telefono, fax, posta elettronica e il nostro sistema di prenotazione on-line.<br \/>La conferma finale della prenotazione deve essere garantita con carta di credito o anticipo.<\/p><h3>Arrivo<\/h3><p>Il periodo di prenotazione \u00e8 dalle ore 12 del giorno di arrivo fino alle ore 12 del giorno di partenza.<br \/>Gli ospiti possono utilizzare il parcheggio senza costi aggiuntivi.<\/p><h3>Pagamento<\/h3><p>\u00c8 possibile stipulare il conto del Dependance Vodi\u0161ek con contanti o carta di credito.<br \/>Le offerte speciali e le promozioni non sono valide se si esce prima della data di partenza.<\/p><h3>Prezzi<\/h3><p>Il prezzo del noleggio \u00e8 IVA inclusa.<br \/>Bevande, pasti, chiamate internazionali, lavanderia non sono inclusi nel prezzo di affitto.<\/p><p>Dependance Vodi\u0161ek si riserva il diritto di modificare le tariffe e le condizioni senza preavviso a seconda delle stagioni e di eventi speciali.<\/p><h3>Tassa locale<\/h3><p>Il prezzo di alloggio \u00e8 pi\u00f9 alto per un importo della tassa locale. L'imposta locale \u00e8 obbligatoria per tutti i giorni di sistemazione.<\/p><h3>Cancellazione<\/h3><p>Se desideri modificare le date di prenotazione, non ci sar\u00e0 addebito finch\u00e9 le date sono disponibili.<br \/>In caso di check-out anticipato, il deposito viene applicato a tutte le notti cancellate.<br \/>Tutte le cancellazioni devono essere in forma scritta e avranno effetto alla data di ricezione da parte del proprietario.<br \/>Raccomandiamo sempre di avere un'adeguata assicurazione per coprire eventuali perdite da depositi non rimborsabili.<\/p><h3>Animali<\/h3><p>Hai bisogno di un accordo di anticipo con l'amministrazione di Dependance Vodi\u0161ek per animali domestici.<\/p><h3>Fumo<\/h3><p>Dependance Vodi\u0161ek \u00e8 un ambiente non fumatori. Il fumo \u00e8 consentito all'aperto.<\/p><h3>Diritto di rifiutare<\/h3><p>Ci riserviamo il diritto di rifiutare qualsiasi prenotazione e, in circostanze eccezionali, annullare, modificare o modificare accordi fatti per te. Se una prenotazione deve essere cancellata, modificata o modificata, faremo ogni sforzo per offrire una prenotazione alternativa. Se non accetti l'alternativa offerta, restituiremo tutti i soldi pagati.<\/p><h3>Numero di occupanti<\/h3><p>Il proprietario si riserva il diritto di rifiutare l'immissione o di espellere l'intero gruppo se il numero di persone supera il numero stabilito nel contratto.<\/p><h3>Perdita e danno della propriet\u00e0 dei visitatori<\/h3><p>Non possiamo essere ritenuti responsabili per la perdita o il danneggiamento di qualsiasi patrimonio o per lesioni subite da voi o dai membri del tuo gruppo durante il vostro soggiorno presso la nostra propriet\u00e0.<br \/>\u00c8 possibile depositare i vostri soldi e oggetti di valore presso la Reception.<\/p><h3>Denunce, contestazioni<\/h3><p>Qualora dovessero verificarsi dei problemi con la stanza, il Cliente deve immediatamente avvisare il proprietario o il gestore e permettere al proprietario o al gestore un tempo ragionevole per risolvere il problema. In caso contrario eviter\u00e0 qualsiasi reclamo dopo il periodo di noleggio.<\/p><h3>Accesso e diritto di accesso<\/h3><p>Ci riserviamo il diritto di entrare in camera in qualsiasi momento ragionevole a causa ragionevole.<br \/>I proprietari di propriet\u00e0 e gli addetti alla manutenzione sono autorizzati ad accedere in modo adeguato alla stanza, soprattutto per la manutenzione e l'ispezione urgenti.<\/p><h3>Modifiche o cancellazioni da parte del proprietario<\/h3><p>Il proprietario ha il diritto di modificare o annullare il presente contratto in qualsiasi momento, in ogni caso in cui sia necessario a causa di una forza maggiore o qualsiasi altra occorrenza al di fuori del controllo del proprietario. In questo caso il proprietario avr\u00e0 richiesto di rimborsare tutti i soldi pagati. La responsabilit\u00e0 del proprietario sar\u00e0 limitata al rimborso di tutti i soldi pagati e il proprietario non \u00e8 responsabile per altri danni.<\/p><p>La Repubblica di Slovenia - Koper, 31.01.2023<\/p><p><strong>Dependance Vodi\u0161ek<\/strong><\/p><\/div><\/div>\n<\/div>\n\n\n    <\/div>\n<\/section>\n\n\n","protected":false},"excerpt":{"rendered":"<p>Termini e Condizioni PrenotazioneQuesto accordo sui Termini e Condizioni Generali di Alloggio comincia a ottenere l&#8217;autorit\u00e0 quando riceviamo una prenotazione [&hellip;]<\/p>\n","protected":false},"author":1,"featured_media":0,"parent":0,"menu_order":10,"comment_status":"closed","ping_status":"closed","template":"template-onepage.php","meta":[],"_links":{"self":[{"href":"https:\/\/www.hotel-vodisek.com\/web\/wp-json\/wp\/v2\/pages\/792"}],"collection":[{"href":"https:\/\/www.hotel-vodisek.com\/web\/wp-json\/wp\/v2\/pages"}],"about":[{"href":"https:\/\/www.hotel-vodisek.com\/web\/wp-json\/wp\/v2\/types\/page"}],"author":[{"embeddable":true,"href":"https:\/\/www.hotel-vodisek.com\/web\/wp-json\/wp\/v2\/users\/1"}],"replies":[{"embeddable":true,"href":"https:\/\/www.hotel-vodisek.com\/web\/wp-json\/wp\/v2\/comments?post=792"}],"version-history":[{"count":9,"href":"https:\/\/www.hotel-vodisek.com\/web\/wp-json\/wp\/v2\/pages\/792\/revisions"}],"predecessor-version":[{"id":2774,"href":"https:\/\/www.hotel-vodisek.com\/web\/wp-json\/wp\/v2\/pages\/792\/revisions\/2774"}],"wp:attachment":[{"href":"https:\/\/www.hotel-vodisek.com\/web\/wp-json\/wp\/v2\/media?parent=792"}],"curies":[{"name":"wp","href":"https:\/\/api.w.org\/{rel}","templated":true}]}}